20241491 a prime number?
True
Is 89553557 a composite number?
False
Is 2114621 prime?
True
Is 12032849 prime?
True
Is 51059279 a composite number?
True
Is 3049507783 composite?
True
Is 13523 a composite number?
False
Is 140825137 prime?
False
Is 701149 a prime number?
False
Is 21592777 a prime number?
False
Is 7172141 prime?
False
Is 11453377 a composite number?
True
Is 116084029 a composite number?
False
Is 14208517 prime?
True
Is 3971941 prime?
False
Is 29372401 composite?
False
Is 50624393 a prime number?
True
Is 5919 composite?
True
Is 5421263 a prime number?
True
Is 15280453 a composite number?
True
Is 11619187 composite?
False
Is 40422169 composite?
True
Is 2049569 composite?
False
Is 4702393 a prime number?
True
Is 104190067 a composite number?
True
Is 1506891521 a prime number?
True
Is 6640651 prime?
True
Is 217402843 composite?
True
Is 952163 prime?
True
Is 313849631 prime?
False
Is 10745723 a prime number?
True
Is 3067553 a composite number?
False
Is 27623289 a prime number?
False
Is 90521089 a composite number?
False
Is 170941439 prime?
False
Is 707659 prime?
False
Is 41279937 prime?
False
Is 4268669 prime?
False
Is 13891253 a composite number?
True
Is 6293013 a composite number?
True
Is 982731938 composite?
True
Is 42641 prime?
True
Is 736873 composite?
True
Is 82254239 prime?
True
Is 128172001 prime?
True
Is 6138823 a prime number?
True
Is 1832699 a composite number?
True
Is 12532643 composite?
False
Is 27046909 composite?
False
Is 284309 a prime number?
False
Is 88335146 composite?
True
Is 36627397 prime?
True
Is 386938529 prime?
False
Is 640703 a composite number?
True
Is 12163087 a prime number?
True
Is 2859479 a prime number?
False
Is 448715335 prime?
False
Is 2707769 prime?
True
Is 626330095 prime?
False
Is 66081007 a prime number?
True
Is 409942051 a composite number?
False
Is 6814131 composite?
True
Is 43604111 composite?
False
Is 117985957 composite?
False
Is 4928493 a composite number?
True
Is 95341 prime?
False
Is 39812343 a prime number?
False
Is 472499 a composite number?
True
Is 3515537 composite?
False
Is 31346047 prime?
False
Is 454931 composite?
False
Is 481644353 prime?
True
Is 3258587 prime?
True
Is 16670599 a prime number?
False
Is 1201677 a composite number?
True
Is 1200581 a prime number?
True
Is 3258587 composite?
False
Is 108105667 a prime number?
True
Is 16496491 a prime number?
False
Is 18394993 a prime number?
True
Is 9385133 a prime number?
True
Is 1385299 prime?
True
Is 81024701 a composite number?
False
Is 44172937 prime?
True
Is 10533301 prime?
True
Is 66180953 a prime number?
True
Is 41970611 a prime number?
True
Is 46801081 prime?
False
Is 5822521 a composite number?
False
Is 1148233 composite?
True
Is 12662935 prime?
False
Is 5464103 prime?
True
Is 1726349 a composite number?
False
Is 12072119 a prime number?
True
Is 3522619 prime?
False
Is 3885619 prime?
True
Is 2758631 prime?
True
Is 5321417 a prime number?
True
Is 194494567 a composite number?
False
Is 31613537 a composite number?
True
Is 592719 a composite number?
True
Is 3546737 a prime number?
True
Is 318551 prime?
False
Is 3867 a prime number?
False
Is 30788011 composite?
False
Is 71337653 a composite number?
True
Is 29258137 composite?
False
Is 27046499 a composite number?
True
Is 77271451 prime?
True
Is 5680097 prime?
True
Is 920155 prime?
False
Is 73818133 a composite number?
False
Is 13145441 a prime number?
False
Is 760015 a prime number?
False
Is 655881 composite?
True
Is 25990009 composite?
False
Is 199313 prime?
True
Is 1142891 composite?
False
Is 17807827 prime?
False
Is 1824827 a composite number?
False
Is 2428301 composite?
True
Is 29194681 a composite number?
True
Is 7843267 a prime number?
False
Is 235173151 a prime number?
False
Is 392883091 prime?
False
Is 321600379 a prime number?
True
Is 280603777 composite?
False
Is 471571 prime?
True
Is 10974577 composite?
False
Is 4694069 prime?
True
Is 95383487 prime?
True
Is 1141395653 a composite number?
False
Is 460231 a composite number?
False
Is 5138803 a composite number?
False
Is 2159834 a prime number?
False
Is 5393033 prime?
True
Is 52821469 a prime number?
True
Is 268517399 a composite number?
True
Is 54087415 a composite number?
True
Is 11607679 a prime number?
True
Is 682597 a composite number?
False
Is 248432719 a composite number?
False
Is 2291833 a composite number?
True
Is 2521317 prime?
False
Is 61762049 composite?
False
Is 81251113 a prime number?
True
Is 2187871 prime?
False
Is 440444359 a composite number?
False
Is 394143961 prime?
False
Is 5590699 composite?
False
Is 13111642 prime?
False
Is 37405799 a prime number?
False
Is 8930459 a composite number?
False
Is 2233843 composite?
False
Is 685644253 composite?
True
Is 9512929 composite?
False
Is 53635817 a prime number?
True
Is 9420337 composite?
False
Is 23527723 composite?
False
Is 10544903 a composite number?
False
Is 9271583 prime?
True
Is 76283923 composite?
True
Is 584207597 composite?
True
Is 113067239 a prime number?
True
Is 355261 a composite number?
False
Is 230968039 composite?
False
Is 184424971 prime?
False
Is 784125413 a prime number?
False
Is 18073162 a prime number?
False
Is 8754341 prime?
False
Is 168598 prime?
False
Is 434655033 a composite number?
True
Is 213119 a prime number?
True
Is 7424983 prime?
True
Is 6173603 a composite number?
False
Is 5678411 prime?
True
Is 1965471 a composite number?
True
Is 130737577 composite?
False
Is 409239001 a prime number?
True
Is 1257179987 composite?
True
Is 8373041 composite?
False
Is 5053739 a composite number?
False
Is 1586677 composite?
True
Is 5796941 prime?
False
Is 15916561 composite?
False
Is 220147711 prime?
False
Is 550363 a composite number?
True
Is 6063167 composite?
True
Is 6550373 prime?
False
Is 92943971 a composite number?
True
Is 18802873 prime?
False
Is 388946267 a composite number?
False
Is 448057 composite?
False
Is 7404763 composite?
True
Is 162807499 a composite number?
False
Is 10023869 a composite number?
True
Is 120156167 a composite number?
True
Is 331304053 a prime number?
True
Is 51664519 a prime number?
False
Is 32045317 a prime number?
True
Is 16751767 prime?
True
Is 21075109 a prime number?
False
Is 5199793 a composite number?
False
Is 43373711 prime?
True
Is 10581899 a composite number?
False
Is 48491617 a composite number?
False
Is 1936211 composite?
True
Is 34289429 composite?
False
Is 7461609 prime?
False
Is 84380677 a composite number?
True
Is 4003121 composite?
False
Is 2649073 a composite number?
True
Is 1826213 prime?
False
Is 1759867 a composite number?
False
Is 7499285 prime?
False
Is 176634937 a prime number?
True
Is 85713527 composite?
True
Is 110458189 composite?
False
Is 124806657 prime?
False
Is 6026497 composite?
True
Is 7113538 a composite number?
True
Is 63787021 a prime number?
False
Is 13328585 a composite number?
True
Is 1400801 a prime number?
True
Is 30005763 composite?
True
Is 4211021 a composite number?
False
Is 8652139 a composite number?
False
Is 20597747 composite?
False
Is 84758327 a prime number?
True
Is 42433 a composite number?
False
Is 13748173 composite?
True
Is 158888047 composite?
False
Is 1078597159 a composite number?
True
Is 1198063 a composite number?
False
Is 232259 composite?
False
Is 2596091 prime?
True
Is 8393731 composite?
True
Is 803577893 prime?
False
Is 81340579 a composite number?
True
Is 5443079 a prime number?
False
Is 4684361 a composite number?
True
Is 346423379 prime?
False
Is 11627963 a prime number?
True
Is 28644601 composite?
True
Is 60816013 prime?
True
Is 1149131 a composite number?
False
Is 238151 a prime number?
True
Is 1933094 a prime number?
False
Is 2547323 prime?
True
Is 266976665 prime?
False
Is 47769563 a composite number?
False
Is 43596961 a composite number?
False
Is 115353327 a composite number?
True
Is 64078501 a composite number?
False
Is 194035711 prime?
True
Is 35674741 a prime number?
False
Is 6894581 a prime number?
True
Is 145264199 composite?
False
Is 2903461 a prime number?
False
Is 35069171 a composite number?
False
Is 2947507 a prime number?
False
Is 2291369 composite?
False
Is 1891679 composite?
False
Is 97829483 a prime number?
True
Is 2016529 a composite number?
False
Is 9409747 a prime number?
True
Is 65010481 a composite number?
False
Is 28174